{"id":303,"date":"2025-01-30T11:19:04","date_gmt":"2025-01-30T10:19:04","guid":{"rendered":"https:\/\/huhakween.com\/?page_id=303"},"modified":"2025-01-31T18:51:32","modified_gmt":"2025-01-31T17:51:32","slug":"bio","status":"publish","type":"page","link":"https:\/\/huhakween.com\/?page_id=303","title":{"rendered":"Biograf\u00eda"},"content":{"rendered":"\n<div class=\"wp-block-uagb-container uagb-block-a02ae06e alignfull uagb-is-root-container\"><div class=\"uagb-container-inner-blocks-wrap\">\n<div class=\"wp-block-uagb-container uagb-block-bf86947d\">\n<figure class=\"wp-block-image size-large\"><img loading=\"lazy\" decoding=\"async\" width=\"683\" height=\"1024\" src=\"https:\/\/huhakween.com\/wp-content\/uploads\/2025\/01\/Carlos_Mateos_2-2-683x1024.jpg\" alt=\"\" class=\"wp-image-339\" srcset=\"https:\/\/huhakween.com\/wp-content\/uploads\/2025\/01\/Carlos_Mateos_2-2-683x1024.jpg 683w, https:\/\/huhakween.com\/wp-content\/uploads\/2025\/01\/Carlos_Mateos_2-2-200x300.jpg 200w, https:\/\/huhakween.com\/wp-content\/uploads\/2025\/01\/Carlos_Mateos_2-2.jpg 1138w\" sizes=\"(max-width: 683px) 100vw, 683px\" \/><\/figure>\n<\/div>\n\n\n\n<div class=\"wp-block-uagb-container uagb-block-5892a2b2\">\n<p><strong>Biograf\u00eda de Huha Kween, actor, cantante y bailar\u00edn<\/strong>\u00a0mallorqu\u00edn, afincado en Madrid desde 2021.\u00a0Diplomatura en interpretaci\u00f3n en Estudio V en 2024 y M\u00e1ster en Interpretaci\u00f3n Ante la C\u00e1mara en Central de Cine en 2025. <\/p>\n\n\n\n<p>En cine participa en<strong> \u201cTECNOFOBIA\u201d<\/strong> una web serie de terror de \u00c1ngel G\u00f3mez que fue proyectada en el Festival de <strong>Sitges en 2023.<\/strong><\/p>\n\n\n\n<p>Adem\u00e1s ha realizado numerosos proyectos cinematogr\u00e1ficos, entre ellos, el m\u00e1s reciente, \u00abLA PARTIDA\u00bb de \u00c1lex Olondriz<\/p>\n\n\n\n<p>Participa, desde 2023 hasta la <strong>actualidad,<\/strong> en la superproducci\u00f3n <strong>\u00abMALINCHE EL MUSICAL\u00bb<\/strong> de Nacho Cano.\u00a0Fue premiado en el 2023 como <strong>\u00abMejor Musical\u00bb<\/strong> en los <strong>Premios del Teatro Musical<\/strong> (PTM). <\/p>\n<\/div>\n<\/div><\/div>\n","protected":false},"excerpt":{"rendered":"<p>Biograf\u00eda de Huha Kween, actor, cantante y bailar\u00edn\u00a0mallorqu\u00edn, afincado en Madrid desde 2021.\u00a0Diplomatura [&hellip;]<\/p>\n","protected":false},"author":1,"featured_media":0,"parent":0,"menu_order":0,"comment_status":"closed","ping_status":"closed","template":"","meta":{"_uag_custom_page_level_css":"","footnotes":""},"aioseo_notices":[],"uagb_featured_image_src":{"full":false,"thumbnail":false,"medium":false,"medium_large":false,"large":false,"1536x1536":false,"2048x2048":false},"uagb_author_info":{"display_name":"Huha Kween","author_link":"https:\/\/huhakween.com\/?author=1"},"uagb_comment_info":0,"uagb_excerpt":"Biograf\u00eda de Huha Kween, actor, cantante y bailar\u00edn\u00a0mallorqu\u00edn, afincado en Madrid desde 2021.\u00a0Diplomatura [&hellip;]","_links":{"self":[{"href":"https:\/\/huhakween.com\/index.php?rest_route=\/wp\/v2\/pages\/303"}],"collection":[{"href":"https:\/\/huhakween.com\/index.php?rest_route=\/wp\/v2\/pages"}],"about":[{"href":"https:\/\/huhakween.com\/index.php?rest_route=\/wp\/v2\/types\/page"}],"author":[{"embeddable":true,"href":"https:\/\/huhakween.com\/index.php?rest_route=\/wp\/v2\/users\/1"}],"replies":[{"embeddable":true,"href":"https:\/\/huhakween.com\/index.php?rest_route=%2Fwp%2Fv2%2Fcomments&post=303"}],"version-history":[{"count":3,"href":"https:\/\/huhakween.com\/index.php?rest_route=\/wp\/v2\/pages\/303\/revisions"}],"predecessor-version":[{"id":498,"href":"https:\/\/huhakween.com\/index.php?rest_route=\/wp\/v2\/pages\/303\/revisions\/498"}],"wp:attachment":[{"href":"https:\/\/huhakween.com\/index.php?rest_route=%2Fwp%2Fv2%2Fmedia&parent=303"}],"curies":[{"name":"wp","href":"https:\/\/api.w.org\/{rel}","templated":true}]}}