{"id":193,"date":"2025-01-07T23:36:50","date_gmt":"2025-01-07T22:36:50","guid":{"rendered":"https:\/\/huhakween.com\/?page_id=193"},"modified":"2025-06-24T16:06:36","modified_gmt":"2025-06-24T14:06:36","slug":"musica","status":"publish","type":"page","link":"https:\/\/huhakween.com\/?page_id=193","title":{"rendered":"M\u00fasica"},"content":{"rendered":"\n<p class=\"has-text-align-center\">La canci\u00f3n \u00abmitolog\u00eda griega\u00bb habla del mito del andr\u00f3gino de \u00abEl Banquete\u00bb de Plat\u00f3n. Cuenta que nos crearon con dos cabezas, cuatro brazos y cuatro piernas. Como Zeus (junto con otros dioses) le tem\u00eda a nuestro poder, decidi\u00f3 separarnos. Y nos pasamos toda la vida buscando a nuestra otra mitad. <\/p>\n\n\n\n<figure class=\"wp-block-embed aligncenter is-type-video is-provider-youtube wp-block-embed-youtube wp-embed-aspect-16-9 wp-has-aspect-ratio\"><div class=\"wp-block-embed__wrapper\">\n<iframe loading=\"lazy\" title=\"Huha Kween - mitolog\u00eda griega (Official Video)\" width=\"500\" height=\"281\" src=\"https:\/\/www.youtube.com\/embed\/4qXTfp0E8GY?feature=oembed\" frameborder=\"0\" allow=\"accelerometer; autoplay; clipboard-write; encrypted-media; gyroscope; picture-in-picture; web-share\" referrerpolicy=\"strict-origin-when-cross-origin\" allowfullscreen><\/iframe>\n<\/div><\/figure>\n\n\n\n<figure class=\"wp-block-embed aligncenter is-type-rich is-provider-spotify wp-block-embed-spotify wp-embed-aspect-21-9 wp-has-aspect-ratio\"><div class=\"wp-block-embed__wrapper\">\n<iframe title=\"Spotify Embed: mitolog\u00eda griega\" style=\"border-radius: 12px\" width=\"100%\" height=\"152\" frameborder=\"0\" allowfullscreen allow=\"autoplay; clipboard-write; encrypted-media; fullscreen; picture-in-picture\" loading=\"lazy\" src=\"https:\/\/open.spotify.com\/embed\/track\/6Bs0S39zRKhzDNIi1Oiidg?si=8146a58ca1f648ba&#038;utm_source=oembed\"><\/iframe>\n<\/div><\/figure>\n","protected":false},"excerpt":{"rendered":"<p>La canci\u00f3n \u00abmitolog\u00eda griega\u00bb habla del mito del andr\u00f3gino de \u00abEl Banquete\u00bb de [&hellip;]<\/p>\n","protected":false},"author":1,"featured_media":0,"parent":0,"menu_order":0,"comment_status":"closed","ping_status":"closed","template":"","meta":{"_uag_custom_page_level_css":"","footnotes":""},"aioseo_notices":[],"uagb_featured_image_src":{"full":false,"thumbnail":false,"medium":false,"medium_large":false,"large":false,"1536x1536":false,"2048x2048":false},"uagb_author_info":{"display_name":"Huha Kween","author_link":"https:\/\/huhakween.com\/?author=1"},"uagb_comment_info":0,"uagb_excerpt":"La canci\u00f3n \u00abmitolog\u00eda griega\u00bb habla del mito del andr\u00f3gino de \u00abEl Banquete\u00bb de [&hellip;]","_links":{"self":[{"href":"https:\/\/huhakween.com\/index.php?rest_route=\/wp\/v2\/pages\/193"}],"collection":[{"href":"https:\/\/huhakween.com\/index.php?rest_route=\/wp\/v2\/pages"}],"about":[{"href":"https:\/\/huhakween.com\/index.php?rest_route=\/wp\/v2\/types\/page"}],"author":[{"embeddable":true,"href":"https:\/\/huhakween.com\/index.php?rest_route=\/wp\/v2\/users\/1"}],"replies":[{"embeddable":true,"href":"https:\/\/huhakween.com\/index.php?rest_route=%2Fwp%2Fv2%2Fcomments&post=193"}],"version-history":[{"count":9,"href":"https:\/\/huhakween.com\/index.php?rest_route=\/wp\/v2\/pages\/193\/revisions"}],"predecessor-version":[{"id":961,"href":"https:\/\/huhakween.com\/index.php?rest_route=\/wp\/v2\/pages\/193\/revisions\/961"}],"wp:attachment":[{"href":"https:\/\/huhakween.com\/index.php?rest_route=%2Fwp%2Fv2%2Fmedia&parent=193"}],"curies":[{"name":"wp","href":"https:\/\/api.w.org\/{rel}","templated":true}]}}